15 a factor of 26715?
True
Is 203684 a multiple of 4?
True
Does 92 divide 58972?
True
Is 4802200 a multiple of 65?
True
Is 843387 a multiple of 391?
True
Is 1331 a multiple of 43?
False
Is 13 a factor of 5382?
True
Is 1363020 a multiple of 103?
False
Is 47 a factor of 18395914?
False
Is 4674068 a multiple of 28?
True
Is 81 a factor of 920625?
False
Does 17 divide 265319?
True
Is 131 a factor of 1907622?
True
Is 4183893 a multiple of 47?
True
Is 93 a factor of 125936?
False
Is 9 a factor of 554517?
True
Is 328565 a multiple of 357?
False
Does 6 divide 5147455?
False
Does 41 divide 8244116?
True
Does 520 divide 355680?
True
Is 23 a factor of 16194714?
True
Is 3053000 a multiple of 172?
True
Is 998538 a multiple of 326?
True
Does 26 divide 580788?
True
Is 5 a factor of 76876?
False
Is 633044 a multiple of 92?
False
Does 27 divide 154036?
False
Is 7 a factor of 1693310?
False
Is 4098702 a multiple of 527?
False
Does 6 divide 5225?
False
Does 5 divide 644120?
True
Is 218352 a multiple of 327?
False
Does 244 divide 15604432?
False
Is 7571582 a multiple of 142?
True
Does 19 divide 64058?
False
Is 29 a factor of 7697959?
False
Is 6131290 a multiple of 717?
False
Is 4002859 a multiple of 20?
False
Is 93060 a multiple of 330?
True
Does 14 divide 80491?
False
Is 99 a factor of 517770?
True
Is 30 a factor of 486960?
True
Is 100656 a multiple of 3?
True
Is 4291540 a multiple of 16?
False
Is 16 a factor of 4220288?
True
Is 139114 a multiple of 24?
False
Does 14 divide 11576427?
False
Is 1352299 a multiple of 13?
True
Does 58 divide 664970?
True
Does 80 divide 882623?
False
Is 18942801 a multiple of 184?
False
Is 85049 a multiple of 31?
False
Does 52 divide 10959845?
False
Is 17 a factor of 47277?
True
Does 171 divide 5451309?
True
Is 371374 a multiple of 38?
True
Is 11934057 a multiple of 31?
False
Is 279769 a multiple of 64?
False
Is 261 a factor of 189225?
True
Is 478410 a multiple of 111?
True
Is 251 a factor of 8435859?
True
Is 74 a factor of 5844594?
True
Does 41 divide 18519003?
True
Is 215 a factor of 4040785?
False
Is 243 a factor of 11664?
True
Is 14 a factor of 5350604?
True
Does 8 divide 580464?
True
Is 327 a factor of 1355327?
False
Is 46 a factor of 125758?
False
Is 229317 a multiple of 12?
False
Does 72 divide 1468880?
False
Is 76 a factor of 140321?
False
Is 549 a factor of 1948279?
False
Is 280 a factor of 4343643?
False
Is 452499 a multiple of 44?
False
Is 13 a factor of 187970?
False
Does 459 divide 3889626?
False
Is 144249 a multiple of 10?
False
Does 165 divide 62688?
False
Is 156 a factor of 14594?
False
Does 10 divide 8888?
False
Is 238622 a multiple of 4?
False
Does 171 divide 2870984?
False
Does 40 divide 3758473?
False
Is 24 a factor of 269784?
True
Does 68 divide 142528?
True
Is 28 a factor of 12547?
False
Is 159 a factor of 1004770?
False
Does 169 divide 2436642?
True
Is 1164 a factor of 4371347?
False
Does 3 divide 60888?
True
Is 16535617 a multiple of 217?
True
Is 19 a factor of 13338?
True
Is 109440 a multiple of 40?
True
Is 231140 a multiple of 28?
True
Is 8436 a multiple of 12?
True
Does 83 divide 4623515?
True
Is 10 a factor of 15020720?
True
Does 106 divide 49653?
False
Is 224 a factor of 92736?
True
Does 10 divide 110305?
False
Is 1688180 a multiple of 4?
True
Does 77 divide 146839?
True
Is 11 a factor of 3492507?
False
Is 548121 a multiple of 38?
False
Is 1309222 a multiple of 788?
False
Is 17 a factor of 3268236?
False
Is 45 a factor of 497553?
False
Is 825696 a multiple of 61?
True
Does 673 divide 1854788?
True
Is 17 a factor of 83829?
False
Is 782218 a multiple of 20?
False
Does 9 divide 6217827?
False
Does 224 divide 60716?
False
Is 872100 a multiple of 42?
False
Is 1393888 a multiple of 344?
True
Is 497178 a multiple of 198?
True
Is 127 a factor of 11069915?
False
Does 17 divide 7648014?
False
Does 13 divide 804516?
False
Does 12 divide 233381?
False
Does 107 divide 1128315?
True
Is 179653 a multiple of 73?
True
Is 52966 a multiple of 75?
False
Is 20247022 a multiple of 76?
False
Does 937 divide 4461994?
True
Is 66810 a multiple of 15?
True
Is 139986 a multiple of 9?
True
Is 2856324 a multiple of 5?
False
Does 148 divide 315329?
False
Does 40 divide 273240?
True
Is 4371538 a multiple of 821?
False
Is 701776 a multiple of 11?
False
Is 86072 a multiple of 232?
True
Is 139 a factor of 2364157?
False
Does 217 divide 105781?
False
Is 996 a factor of 4762872?
True
Is 51 a factor of 63495?
True
Does 280 divide 444640?
True
Is 38 a factor of 386612?
True
Does 24 divide 34229664?
True
Does 1295 divide 26389510?
True
Does 9 divide 203677?
False
Is 2 a factor of 82?
True
Is 177098 a multiple of 3?
False
Is 5 a factor of 5750?
True
Is 225525 a multiple of 155?
True
Is 9 a factor of 42624?
True
Does 29 divide 528979?
False
Does 31 divide 324415?
True
Does 3 divide 15639?
True
Is 363 a factor of 2773768?
False
Does 19 divide 780957?
True
Is 5601596 a multiple of 77?
True
Does 4 divide 465372?
True
Does 15 divide 41715?
True
Is 1006360 a multiple of 155?
False
Is 36 a factor of 155592?
True
Is 918252 a multiple of 9?
True
Does 8 divide 2610240?
True
Does 92 divide 80500?
True
Does 463 divide 9736890?
True
Does 779 divide 13743984?
False
Is 32102 a multiple of 34?
False
Does 16 divide 531619?
False
Is 1068500 a multiple of 125?
True
Is 27925 a multiple of 25?
True
Does 78 divide 3372377?
False
Is 174 a factor of 2979054?
True
Does 40 divide 7948671?
False
Is 551676 a multiple of 31?
True
Is 131 a factor of 697968?
True
Does 156 divide 262719?
False
Is 287 a factor of 2204?
False
Is 62 a factor of 48143?
False
Is 54700 a multiple of 7?
False
Is 47 a factor of 109040?
True
Does 19 divide 4313171?
True
Does 24 divide 1208376?
True
Is 5309371 a multiple of 233?
True
Does 285 divide 300960?
True
Is 8694 a multiple of 414?
True
Does 25 divide 149340?
False
Does 10 divide 30171?
False
Is 117232 a multiple of 34?
True
Is 626 a factor of 1336095?
False
Does 61 divide 761811?
False
Is 3229058 a multiple of 38?
False
Is 207290 a multiple of 38?
True
Is 4690464 a multiple of 67?
False
Is 737990 a multiple of 65?
False
Is 133 a factor of 137985?
False
Is 21 a factor of 3494540?
False
Is 215439 a multiple of 7?
True
Does 145 divide 452255?
True
Is 15200136 a multiple of 2268?
True
Is 6380373 a multiple of 22?
False
Is 88 a factor of 41448?
True
Is 12 a factor of 3174?
False
Does 27 divide 525744?
True
Does 30 divide 32039?
False
Is 1215195 a multiple of 348?
False
Is 32 a factor of 162624?
True
Is 6876242 a multiple of 13?
False
Is 1750602 a multiple of 4?
False
Is 198072 a multiple of 21?
True
Does 9 divide 352917?
True
Is 679 a factor of 434950?
False
Does 166 divide 117860?
True
Does 221 divide 829634?
True
Does 1286 divide 2565570?
True
Does 14 divide 4186?
True
Does 292 divide 45552?
True
Is 885720 a multiple of 66?
True
Is 24277742 a multiple of 24?
False
Is 32 a factor of 3020166?
False
Is 20619 a multiple of 99?
False
Is 12 a factor of 314895?
False
Does 44 divide 435952?
True
Is 846056 a multiple of 17?
True
Does 354 divide 431603?
False
Does 1126 divide 8113956?
True
Is 43 a factor of 664401?
False
Is 216 a factor of 167776?
False
Does 48 divide 2637264?
True
Is 6 a factor of 1465226?
False
Is 68448 a multiple of 8?
True
Does 408 divide 192539?
False
Does 33 divide 506946?
True
Is 328680 a multiple of 337?
False
Does 19 divide 185157?
False
Does 375 divide 503841?
False
Is 28 a factor of 158364?
False
Does 130 divide 3795870?
True
Is 459303 a multiple of 17?
False
Is 130932 a multiple of 153?
False
Does 386 divide 10095135?
False
Is 14 a factor of 311878?
True
Is 13 a factor of 1704452?
False
Is 210 a factor of 492450?
True
Is 75 a factor of 1429350?
True
Does 13 divide 1744725?
False
Is 9229331 a multiple of 29?
False
Is 2843640 a multiple of 120?
True
Is 1122635 a multiple of 20?
False
Is 8849950 a multiple of 14?
False
Is 41 a factor of 39155?
True
Does 81 divide 420665?
False
Does 39 divide 252876?
True
Is 409 a factor of 3192654?
True
Is 47580 a multiple of 30?
True
Is 1941 a factor of 2853186?
False
Is 990943 a multiple of 449?
True
Does 167 divide 9681928?
False
Does 416 divide 6449278?
False
Is 44 a factor of 250580?
True
Does 268 divide 6700?
True
Is 94668 a multiple of 14?
True
Does 119 divide 44964?
False
Is 631860 a mul